{"id":762,"date":"2018-06-28T01:20:43","date_gmt":"2018-06-28T04:20:43","guid":{"rendered":"https:\/\/iesmaldones-cat.infd.edu.ar\/sitio\/autoridades\/"},"modified":"2023-09-13T21:38:51","modified_gmt":"2023-09-14T00:38:51","slug":"autoridades","status":"publish","type":"page","link":"https:\/\/iesmaldones-cat.infd.edu.ar\/sitio\/autoridades\/","title":{"rendered":"Autoridades"},"content":{"rendered":"<div style=\"text-align: center;\"><span style=\"font-size: 12pt;\"><span style=\"font-family: helvetica;\"><span style=\"font-size: 12pt;\"><span style=\"font-family: helvetica;\"><strong>Equipo de Conducci\u00f3n<br \/>\n<\/strong><\/span><\/span><\/span><\/span><\/p>\n<div><span style=\"font-size: 12pt;\"><span style=\"font-family: helvetica;\"><span style=\"font-size: 12pt;\"><span style=\"font-family: helvetica;\"><strong>\u00a0<\/strong><\/span><\/span><\/span><\/span><\/div>\n<div><span style=\"font-size: 12pt;\"><span style=\"font-family: helvetica;\"><span style=\"font-size: 12pt;\"><span style=\"font-family: helvetica;\"><strong>Rector<\/strong>: Lic. Ren\u00e9 Vergara<br \/>\n<\/span><\/span><\/span><\/span><\/div>\n<div><span style=\"font-size: 12pt;\"><span style=\"font-family: helvetica;\"><span style=\"font-size: 12pt;\"><span style=\"font-family: helvetica;\">\u00a0<\/span><\/span><\/span><\/span><\/div>\n<div><span style=\"font-size: 12pt;\"><span style=\"font-family: helvetica;\"><span style=\"font-size: 12pt;\"><span style=\"font-family: helvetica;\"><strong><span style=\"color: #888888;\"><span style=\"color: #333333;\">Secretario Acad\u00e9mico<\/span><\/span><\/strong><span style=\"color: #333333;\">:<\/span> Prof. Agustina L\u00f3pez Abella<\/span><\/span><\/span><\/span><\/div>\n<div><span style=\"font-size: 12pt;\"><span style=\"font-family: helvetica;\"><span style=\"font-size: 12pt;\"><span style=\"font-family: helvetica;\">\u00a0<\/span><\/span><\/span><\/span><\/div>\n<div><span style=\"font-size: 12pt;\"><span style=\"font-family: helvetica;\"><span style=\"font-size: 12pt;\"><span style=\"font-family: helvetica;\"><span style=\"color: #333333;\"><strong>Jefe de Grado<\/strong><\/span>: Prof. Julio Ponce<\/span><\/span><\/span><\/span><\/div>\n<div><span style=\"font-size: 12pt;\"><span style=\"font-family: helvetica;\"><span style=\"font-size: 12pt;\"><span style=\"font-family: helvetica;\">\u00a0<\/span><\/span><\/span><\/span><\/div>\n<div><span style=\"font-size: 12pt;\"><span style=\"font-family: helvetica;\"><span style=\"font-size: 12pt;\"><span style=\"font-family: helvetica;\"><strong>Jefe de Capacitaci\u00f3n y Extensi\u00f3n:<\/strong><\/span><\/span><\/span><\/span><\/div>\n<div><span style=\"font-size: 12pt;\"><span style=\"font-family: helvetica;\"><span style=\"font-size: 12pt;\"><span style=\"font-family: helvetica;\">\u00a0<\/span><\/span><\/span><\/span><\/div>\n<div><span style=\"font-size: 12pt;\"><span style=\"font-family: helvetica;\"><span style=\"font-size: 12pt;\"><span style=\"font-family: helvetica;\"><strong>Jefe de Investigaci\u00f3n y Proyectos Educativos<\/strong>: Lic. Karina Luna<\/span><\/span><\/span><\/span><\/div>\n<div><strong><span style=\"font-size: 12pt;\"><span style=\"font-family: helvetica;\"><span style=\"font-size: 12pt;\"><span style=\"font-family: helvetica;\">\u00a0<\/span><\/span><\/span><\/span><\/strong><\/div>\n<div><span style=\"font-size: 12pt;\"><span style=\"font-family: helvetica;\"><span style=\"font-size: 12pt;\"><span style=\"font-family: helvetica;\"><strong>Secretario T\u00e9cnico<\/strong>: Prof. Patricia Ag\u00fcero (a cargo sec. T\u00e9cnica)<br \/>\n<\/span><\/span><\/span><\/span><\/div>\n<div><span style=\"font-size: 12pt;\"><span style=\"font-family: helvetica;\"><span style=\"font-size: 12pt;\"><span style=\"font-family: helvetica;\">\u00a0<\/span><\/span><\/span><\/span><\/div>\n<div><span style=\"font-size: 12pt;\"><span style=\"font-family: helvetica;\"><span style=\"font-size: 12pt;\"><span style=\"font-family: helvetica;\"><strong>Jefe Dpto Alumnos<\/strong>:\u00a0<\/span><\/span><\/span><\/span><\/div>\n<div><\/div>\n<\/div>\n","protected":false},"excerpt":{"rendered":"<p>Equipo de Conducci\u00f3n \u00a0 Rector: Lic. Ren\u00e9 Vergara \u00a0 Secretario Acad\u00e9mico: Prof. Agustina L\u00f3pez Abella \u00a0 Jefe de Grado: Prof. Julio Ponce \u00a0 Jefe de Capacitaci\u00f3n y Extensi\u00f3n: \u00a0 Jefe de Investigaci\u00f3n y Proyectos Educativos: Lic. Karina Luna \u00a0 Secretario T\u00e9cnico: Prof. Patricia Ag\u00fcero (a cargo sec. T\u00e9cnica) \u00a0 Jefe Dpto Alumnos:\u00a0<\/p>\n","protected":false},"author":29,"featured_media":0,"parent":0,"menu_order":0,"comment_status":"closed","ping_status":"closed","template":"","meta":[],"acf":[],"_links":{"self":[{"href":"https:\/\/iesmaldones-cat.infd.edu.ar\/sitio\/wp-json\/wp\/v2\/pages\/762"}],"collection":[{"href":"https:\/\/iesmaldones-cat.infd.edu.ar\/sitio\/wp-json\/wp\/v2\/pages"}],"about":[{"href":"https:\/\/iesmaldones-cat.infd.edu.ar\/sitio\/wp-json\/wp\/v2\/types\/page"}],"author":[{"embeddable":true,"href":"https:\/\/iesmaldones-cat.infd.edu.ar\/sitio\/wp-json\/wp\/v2\/users\/29"}],"replies":[{"embeddable":true,"href":"https:\/\/iesmaldones-cat.infd.edu.ar\/sitio\/wp-json\/wp\/v2\/comments?post=762"}],"version-history":[{"count":1,"href":"https:\/\/iesmaldones-cat.infd.edu.ar\/sitio\/wp-json\/wp\/v2\/pages\/762\/revisions"}],"predecessor-version":[{"id":1940,"href":"https:\/\/iesmaldones-cat.infd.edu.ar\/sitio\/wp-json\/wp\/v2\/pages\/762\/revisions\/1940"}],"wp:attachment":[{"href":"https:\/\/iesmaldones-cat.infd.edu.ar\/sitio\/wp-json\/wp\/v2\/media?parent=762"}],"curies":[{"name":"wp","href":"https:\/\/api.w.org\/{rel}","templated":true}]}}