{"id":1941,"date":"2023-09-13T22:22:46","date_gmt":"2023-09-14T01:22:46","guid":{"rendered":"https:\/\/iesmaldones-cat.infd.edu.ar\/sitio\/?page_id=1941"},"modified":"2023-09-25T08:35:09","modified_gmt":"2023-09-25T11:35:09","slug":"apeapoyo-pedagogico-a-escuelas","status":"publish","type":"page","link":"https:\/\/iesmaldones-cat.infd.edu.ar\/sitio\/apeapoyo-pedagogico-a-escuelas\/","title":{"rendered":"APE(Apoyo Pedag\u00f3gico a Escuelas)"},"content":{"rendered":"\n<div class=\"wp-block-media-text alignfull has-media-on-the-right is-stacked-on-mobile is-vertically-aligned-center has-text-color has-background has-link-color has-x-large-font-size wp-elements-e0c3a993223ab8f308775273c5e17bfe\" style=\"color:#fffdc7;background:linear-gradient(90deg,rgba(6,147,227,1) 0%,rgb(155,81,224) 100%);grid-template-columns:auto 40%\"><div class=\"wp-block-media-text__content\">\n<div class=\"wp-block-group has-pale-ocean-gradient-background has-background has-link-color has-medium-font-size wp-elements-5df8b0ee8a44183c802a0aedf1185a71 is-layout-constrained\" style=\"padding-top:2em;padding-right:2em;padding-bottom:2em;padding-left:2em\"><div class=\"wp-block-group__inner-container\">\n<p class=\"has-text-align-center has-contrast-color has-text-color\"><strong>APE COMO PR\u00c1CTICAS DE INTERVENCI\u00d3N Y ACOMPA\u00d1AMIENTO<\/strong><\/p>\n\n\n\n<p class=\"has-text-align-center has-accent-color has-text-color\"><strong>\u201cConstruyendo juntos para enriquecer las pr\u00e1cticas pedag\u00f3gicas<\/strong>\u00ab<\/p>\n<\/div><\/div>\n<\/div><figure class=\"wp-block-media-text__media\"><img decoding=\"async\" loading=\"lazy\" width=\"504\" height=\"578\" src=\"https:\/\/iesmaldones-cat.infd.edu.ar\/sitio\/wp-content\/uploads\/2023\/09\/Apoyo-Pedagogico-a-las-Escuelas-1.jpg\" alt=\"\" class=\"wp-image-2035 size-full\"\/><\/figure><\/div>\n\n\n\n<p class=\"has-very-light-gray-to-cyan-bluish-gray-gradient-background has-background\">El Proyecto de Apoyo Pedag\u00f3gico a Escuelas es un espacio destinado a propiciar la construcci\u00f3n colectiva de saber pedag\u00f3gico en articulaci\u00f3n con las escuelas, en este sentido el Instituto de Educaci\u00f3n Superior Estanislao Maldones a partir del di\u00e1logo con algunos actores institucionales(directivos&nbsp; y docentes) de Escuelas Secundarias del \u00e1rea de influencia del Instituto, pudo identificar algunas situaciones problem\u00e1ticas que surgen durante el trabajo con los Proyectos integrados\/interdisciplinarios<\/p>\n\n\n\n<p class=\"has-electric-grass-gradient-background has-background\">El proyecto Acompa\u00f1amiento Pedag\u00f3gico a Escuelas (en adelante APE) como pr\u00e1cticas de intervenci\u00f3n y acompa\u00f1amiento: \u201cConstruyendo juntos para enriquecer las pr\u00e1cticas pedag\u00f3gicas\u201d del Instituto de Educaci\u00f3n Superior Estanislao Maldones, est\u00e1 conformado por los Profesores Marian Ramos, Eliana Flores, Diego Novaira, Lucia Barrionuevo,&nbsp; Vanessa Robledo,&nbsp; Diaz Marcela Rosa, Ignacio Elizondo, Lidia Reales, Flavia Azucena Salas, Laura Jaime. Coordinados por el Profesor Sergio Quineteros&nbsp; y Karina Luna.<\/p>\n\n\n\n<figure class=\"wp-block-gallery has-nested-images columns-default is-cropped wp-block-gallery-2 is-layout-flex\">\n<figure class=\"wp-block-image size-full\"><img decoding=\"async\" loading=\"lazy\" width=\"420\" height=\"241\" data-id=\"2031\"  src=\"https:\/\/iesmaldones-cat.infd.edu.ar\/sitio\/wp-content\/uploads\/2023\/09\/1.jpg\" alt=\"\" class=\"wp-image-2031\"\/><figcaption class=\"wp-element-caption\">EQUIPO APE &#8211; IES MALDONES<\/figcaption><\/figure>\n\n\n\n<figure class=\"wp-block-image size-large\"><img decoding=\"async\" loading=\"lazy\" width=\"1900\" height=\"1425\" data-id=\"2029\"  src=\"https:\/\/iesmaldones-cat.infd.edu.ar\/sitio\/wp-content\/uploads\/2023\/09\/20230418_222350-1900x1425.jpg\" alt=\"\" class=\"wp-image-2029\" srcset=\"https:\/\/iesmaldones-cat.infd.edu.ar\/sitio\/wp-content\/uploads\/2023\/09\/20230418_222350-1900x1425.jpg 1900w, https:\/\/iesmaldones-cat.infd.edu.ar\/sitio\/wp-content\/uploads\/2023\/09\/20230418_222350-1000x750.jpg 1000w, https:\/\/iesmaldones-cat.infd.edu.ar\/sitio\/wp-content\/uploads\/2023\/09\/20230418_222350-768x576.jpg 768w, https:\/\/iesmaldones-cat.infd.edu.ar\/sitio\/wp-content\/uploads\/2023\/09\/20230418_222350-1536x1152.jpg 1536w, https:\/\/iesmaldones-cat.infd.edu.ar\/sitio\/wp-content\/uploads\/2023\/09\/20230418_222350-2048x1536.jpg 2048w\" sizes=\"(max-width: 1900px) 100vw, 1900px\" \/><figcaption class=\"wp-element-caption\">EQUIPO APE IES MALDONES<\/figcaption><\/figure>\n<\/figure>\n\n\n\n<p class=\"has-light-green-cyan-to-vivid-green-cyan-gradient-background has-background\">Al comenzar a dise\u00f1ar el proyecto, pensamos en la Escuela Secundaria N\u00b0 61 de Balcozna (Anexo La Merced) y la Escuela Agroganadera \u00abFray Vicente Alcaraz\u00bb de La Merced, ambas situadas en el Departamento Pacl\u00edn, a 54 km de la Capital Provincial. A estas escuelas se suman dos instituciones de la ciudad capital: Escuela Secundaria N\u00b0 77 &#8211; Zona Sur &#8211; y la Escuela Secundaria N\u00b0 52, en la localidad de Banda de Varela; y la Escuela T\u00e9cnica Municipal \u00abFray Mamerto Esqui\u00fa\u00bb del Departamento hom\u00f3nimo<\/p>\n\n\n\n<p>LOS INVITAMOS A RECORRER NUESTRO TRABAJO EN CADA UNA DE LAS ESCUELAS QUE PARTICIPAN DEL PROYECTO<\/p>\n\n\n\n<div class=\"wp-block-buttons is-layout-flex\">\n<div class=\"wp-block-button\"><a class=\"wp-block-button__link has-cool-to-warm-spectrum-gradient-background has-background wp-element-button\" href=\"https:\/\/iesmaldones-cat.infd.edu.ar\/sitio\/escuela-secundaria-n61-balcosna-anexo-n1-la-merced\/\" target=\"_blank\" rel=\"noreferrer noopener\">ESCUELA SECUNDARIA N \u00b0 61 BALCOZNA- ANEXO LA MERCED<\/a><\/div>\n\n\n\n<div class=\"wp-block-button\"><a class=\"wp-block-button__link has-midnight-gradient-background has-background wp-element-button\" href=\"https:\/\/iesmaldones-cat.infd.edu.ar\/sitio\/escuela-agroganadera-fray-vicente-alcaraz-la-merced\/\" target=\"_blank\" rel=\"noreferrer noopener\">ESCUELA AGROGANADERA FRAY VICENTE ALCARAZ<\/a><\/div>\n\n\n\n<div class=\"wp-block-button\"><a class=\"wp-block-button__link has-electric-grass-gradient-background has-background wp-element-button\" href=\"https:\/\/iesmaldones-cat.infd.edu.ar\/sitio\/escuela-secundaria-n-52-banda-de-varela\/\" target=\"_blank\" rel=\"noreferrer noopener\">ESCUELA SECUNDARIA N2\u00b0 52<\/a><\/div>\n\n\n\n<div class=\"wp-block-button\"><a class=\"wp-block-button__link has-luminous-vivid-amber-to-luminous-vivid-orange-gradient-background has-background wp-element-button\" href=\"https:\/\/iesmaldones-cat.infd.edu.ar\/sitio\/escuela-secundaria-n-77\/\" target=\"_blank\" rel=\"noreferrer noopener\">ESCUELA SECUNDARIA N \u00b077<\/a><\/div>\n\n\n\n<div class=\"wp-block-button\"><a class=\"wp-block-button__link has-luminous-dusk-gradient-background has-background wp-element-button\" href=\"https:\/\/iesmaldones-cat.infd.edu.ar\/sitio\/escuela-secundaria-tecnica-municipal-fray-mamerto-esquiu\/\" target=\"_blank\" rel=\"noreferrer noopener\">ESCUELA T\u00c9CNICA MUNICIPAL FRAY MAMERTO ESQUI\u00da<\/a><\/div>\n<\/div>\n","protected":false},"excerpt":{"rendered":"<p>El Proyecto de Apoyo Pedag\u00f3gico a Escuelas es un espacio destinado a propiciar la construcci\u00f3n colectiva de saber pedag\u00f3gico en articulaci\u00f3n con las escuelas, en este sentido el Instituto de Educaci\u00f3n Superior Estanislao Maldones a partir del di\u00e1logo con algunos actores institucionales(directivos&nbsp; y docentes) de Escuelas Secundarias del \u00e1rea de influencia del Instituto, pudo identificar &#8230; <a title=\"APE(Apoyo Pedag\u00f3gico a Escuelas)\" class=\"read-more\" href=\"https:\/\/iesmaldones-cat.infd.edu.ar\/sitio\/apeapoyo-pedagogico-a-escuelas\/\" aria-label=\"More on APE(Apoyo Pedag\u00f3gico a Escuelas)\">[+]<\/a><\/p>\n","protected":false},"author":20,"featured_media":0,"parent":0,"menu_order":0,"comment_status":"closed","ping_status":"closed","template":"","meta":[],"acf":[],"_links":{"self":[{"href":"https:\/\/iesmaldones-cat.infd.edu.ar\/sitio\/wp-json\/wp\/v2\/pages\/1941"}],"collection":[{"href":"https:\/\/iesmaldones-cat.infd.edu.ar\/sitio\/wp-json\/wp\/v2\/pages"}],"about":[{"href":"https:\/\/iesmaldones-cat.infd.edu.ar\/sitio\/wp-json\/wp\/v2\/types\/page"}],"author":[{"embeddable":true,"href":"https:\/\/iesmaldones-cat.infd.edu.ar\/sitio\/wp-json\/wp\/v2\/users\/20"}],"replies":[{"embeddable":true,"href":"https:\/\/iesmaldones-cat.infd.edu.ar\/sitio\/wp-json\/wp\/v2\/comments?post=1941"}],"version-history":[{"count":17,"href":"https:\/\/iesmaldones-cat.infd.edu.ar\/sitio\/wp-json\/wp\/v2\/pages\/1941\/revisions"}],"predecessor-version":[{"id":2052,"href":"https:\/\/iesmaldones-cat.infd.edu.ar\/sitio\/wp-json\/wp\/v2\/pages\/1941\/revisions\/2052"}],"wp:attachment":[{"href":"https:\/\/iesmaldones-cat.infd.edu.ar\/sitio\/wp-json\/wp\/v2\/media?parent=1941"}],"curies":[{"name":"wp","href":"https:\/\/api.w.org\/{rel}","templated":true}]}}